{"id":29411,"date":"2024-11-26T20:05:16","date_gmt":"2024-11-26T20:05:16","guid":{"rendered":"https:\/\/thetenerifechannel.com\/product\/aventura-en-buggy-con-puesta-de-sol\/"},"modified":"2026-04-24T06:57:55","modified_gmt":"2026-04-24T06:57:55","slug":"aventura-en-buggy-con-puesta-de-sol","status":"publish","type":"product","link":"https:\/\/thetenerifechannel.com\/es\/excursions\/aventura-en-buggy-con-puesta-de-sol\/","title":{"rendered":"Aventura en Buggy con puesta de sol"},"content":{"rendered":"<section class=\"l-section wpb_row height_huge\"><div class=\"l-section-h i-cf\"><div class=\"g-cols vc_row via_grid cols_1 laptops-cols_inherit tablets-cols_inherit mobiles-cols_1 valign_top type_default stacking_default\"><div class=\"wpb_column vc_column_container\"><div class=\"vc_column-inner\"><div class=\"wpb_text_column\"><div class=\"wpb_wrapper\"><p data-start=\"0\" data-end=\"167\">Excursi\u00f3n de 3,5 horas al Parque Nacional del Teide con puesta de sol. Pasaremos por varios pueblos del sur de Tenerife, disfrutando de hermosos paisajes y del aire fresco de la monta\u00f1a. <\/p>\n<p data-start=\"169\" data-end=\"537\">Continuaremos la ruta hacia el Parque Nacional del Teide, donde podr\u00e1s relajarte y hacer fotos panor\u00e1micas. Haremos una parada para contemplar la puesta de sol mientras disfrutamos de una bebida (vino y\/o vino espumoso sin alcohol), junto con unos embutidos y\/o frutos secos, mientras admiramos el paisaje y la majestuosa puesta de sol que ofrece la isla de Tenerife, creando momentos inolvidables. <\/p>\n<p data-start=\"539\" data-end=\"636\" data-is-last-node=\"\" data-is-only-node=\"\">A continuaci\u00f3n, iniciaremos el viaje de vuelta, donde podremos admirar toda la zona costera de la isla.<\/p>\n<p><strong>INCLUYE:<\/strong><\/p>\n<ul>\n<li>Tiempo de viaje 3,5 horas.<\/li>\n<li><span>Combustible, gu\u00eda, seguro para turistas, chaqueta\/abrigo, gafas de sol, chocolate, bocadillo y agua, vino y\/o cava (sin alcohol), embutidos y\/o frutos secos.<\/span><\/li>\n<li><span>Te recomendamos que lleves abrigo, aunque la empresa dispondr\u00e1 de uno para tu uso.<\/span><\/li>\n<\/ul>\n<p>*Transporte gratuito en el sur de la isla: Las Am\u00e9ricas, Los Cristianos, Costa Adeje, Fa\u00f1ab\u00e9, Torviscas, La Caleta, El M\u00e9dano, Los Abrigos, Costa del Silencio, Las Galletas, Golf del Sur y Amarilla Golf.<br \/>\n<span>Para la recogida fuera de estas zonas, este servicio tiene un coste adicional de 10 \u20ac por silla de paseo (recogida y vuelta), que deber\u00e1 abonarse al inicio del recorrido; consulta la disponibilidad al hacer la reserva.<\/span><\/p>\n<p><span>*Debes llevar calzado cerrado.<br \/>\n*Debes tener carnet de conducir B1. NO ACEPTAMOS PERMISOS TEMPORALES. La edad m\u00ednima del conductor es de 18 a\u00f1os.<br \/>\n*Los ni\u00f1os pueden ir de acompa\u00f1antes si miden 1,35 metros o m\u00e1s en la silla de paseo de dos plazas. Los ni\u00f1os a partir de 2 a\u00f1os pueden ir en el asiento para beb\u00e9s de la silla de paseo de 4 plazas que proporciona la empresa. <\/span><\/p>\n<\/div><\/div><\/div><\/div><\/div><\/div><\/section>\n","protected":false},"excerpt":{"rendered":"<div class=\"flex max-w-full flex-col flex-grow\">\n<div class=\"min-h-8 text-message flex w-full flex-col items-end gap-2 whitespace-normal break-words [.text-message+&amp;]:mt-5\" dir=\"auto\" data-message-author-role=\"assistant\" data-message-id=\"bc3f96f7-f5f2-48ea-9575-478fb857310e\" data-message-model-slug=\"gpt-4o\">\n<div class=\"flex w-full flex-col gap-1 empty:hidden first:pt-[3px]\">\n<div class=\"markdown prose w-full break-words dark:prose-invert light\">\n<p>Emb\u00e1rcate en una divertida excursi\u00f3n de 3,5 horas al Parque Nacional del Teide y disfruta de una espectacular puesta de sol en medio de impresionantes paisajes.<\/p>\n<\/div>\n<\/div>\n<\/div>\n<\/div>\n","protected":false},"featured_media":29295,"template":"","meta":{"_acf_changed":false,"_joinchat":[]},"product_brand":[],"product_cat":[186,184,188],"product_tag":[368,366,369,430,370,367],"class_list":{"0":"post-29411","1":"product","2":"type-product","3":"status-publish","4":"has-post-thumbnail","6":"product_cat-teide-tenerife-es","7":"product_cat-vuelta-a-la-isla-autobus-tenerife","8":"product_cat-quad-tenerife-es","9":"product_tag-a-grupo-amigos","10":"product_tag-a-grupo-parejas","11":"product_tag-a-grupo-solo","12":"product_tag-a-must-adrenaline-couples","13":"product_tag-a-vibe-aventura","14":"product_tag-grupo-a-familias","16":"first","17":"instock","18":"virtual","19":"sold-individually","20":"purchasable","21":"product-type-booking"},"acf":[],"_links":{"self":[{"href":"https:\/\/thetenerifechannel.com\/es\/wp-json\/wp\/v2\/product\/29411","targetHints":{"allow":["GET"]}}],"collection":[{"href":"https:\/\/thetenerifechannel.com\/es\/wp-json\/wp\/v2\/product"}],"about":[{"href":"https:\/\/thetenerifechannel.com\/es\/wp-json\/wp\/v2\/types\/product"}],"wp:featuredmedia":[{"embeddable":true,"href":"https:\/\/thetenerifechannel.com\/es\/wp-json\/wp\/v2\/media\/29295"}],"wp:attachment":[{"href":"https:\/\/thetenerifechannel.com\/es\/wp-json\/wp\/v2\/media?parent=29411"}],"wp:term":[{"taxonomy":"product_brand","embeddable":true,"href":"https:\/\/thetenerifechannel.com\/es\/wp-json\/wp\/v2\/product_brand?post=29411"},{"taxonomy":"product_cat","embeddable":true,"href":"https:\/\/thetenerifechannel.com\/es\/wp-json\/wp\/v2\/product_cat?post=29411"},{"taxonomy":"product_tag","embeddable":true,"href":"https:\/\/thetenerifechannel.com\/es\/wp-json\/wp\/v2\/product_tag?post=29411"}],"curies":[{"name":"wp","href":"https:\/\/api.w.org\/{rel}","templated":true}]}}

<section class="l-section wpb_row height_huge"><div class="l-section-h i-cf"><div class="g-cols vc_row via_grid cols_1 laptops-cols_inherit tablets-cols_inherit mobiles-cols_1 valign_top type_default stacking_default"><div class="wpb_column vc_column_container"><div class="vc_column-inner"><div class="wpb_text_column"><div class="wpb_wrapper"><p data-start="0" data-end="167">Excursión de 3,5 horas al Parque Nacional del Teide con puesta de sol. Pasaremos por varios pueblos del sur de Tenerife, disfrutando de hermosos paisajes y del aire fresco de la montaña. </p>
<p data-start="169" data-end="537">Continuaremos la ruta hacia el Parque Nacional del Teide, donde podrás relajarte y hacer fotos panorámicas. Haremos una parada para contemplar la puesta de sol mientras disfrutamos de una bebida (vino y/o vino espumoso sin alcohol), junto con unos embutidos y/o frutos secos, mientras admiramos el paisaje y la majestuosa puesta de sol que ofrece la isla de Tenerife, creando momentos inolvidables. </p>
<p data-start="539" data-end="636" data-is-last-node="" data-is-only-node="">A continuación, iniciaremos el viaje de vuelta, donde podremos admirar toda la zona costera de la isla.</p>
<p><strong>INCLUYE:</strong></p>
<ul>
<li>Tiempo de viaje 3,5 horas.</li>
<li><span>Combustible, guía, seguro para turistas, chaqueta/abrigo, gafas de sol, chocolate, bocadillo y agua, vino y/o cava (sin alcohol), embutidos y/o frutos secos.</span></li>
<li><span>Te recomendamos que lleves abrigo, aunque la empresa dispondrá de uno para tu uso.</span></li>
</ul>
<p>*Transporte gratuito en el sur de la isla: Las Américas, Los Cristianos, Costa Adeje, Fañabé, Torviscas, La Caleta, El Médano, Los Abrigos, Costa del Silencio, Las Galletas, Golf del Sur y Amarilla Golf.<br />
<span>Para la recogida fuera de estas zonas, este servicio tiene un coste adicional de 10 € por silla de paseo (recogida y vuelta), que deberá abonarse al inicio del recorrido; consulta la disponibilidad al hacer la reserva.</span></p>
<p><span>*Debes llevar calzado cerrado.<br />
*Debes tener carnet de conducir B1. NO ACEPTAMOS PERMISOS TEMPORALES. La edad mínima del conductor es de 18 años.<br />
*Los niños pueden ir de acompañantes si miden 1,35 metros o más en la silla de paseo de dos plazas. Los niños a partir de 2 años pueden ir en el asiento para bebés de la silla de paseo de 4 plazas que proporciona la empresa. </span></p>
</div></div></div></div></div></div></section>

<div class="flex max-w-full flex-col flex-grow">
<div class="min-h-8 text-message flex w-full flex-col items-end gap-2 whitespace-normal break-words [.text-message+&amp;]:mt-5" dir="auto" data-message-author-role="assistant" data-message-id="bc3f96f7-f5f2-48ea-9575-478fb857310e" data-message-model-slug="gpt-4o">
<div class="flex w-full flex-col gap-1 empty:hidden first:pt-[3px]">
<div class="markdown prose w-full break-words dark:prose-invert light">
<p>Embárcate en una divertida excursión de 3,5 horas al Parque Nacional del Teide y disfruta de una espectacular puesta de sol en medio de impresionantes paisajes.</p>
</div>
</div>
</div>
</div>
