{"id":4330,"date":"2024-01-23T15:04:30","date_gmt":"2024-01-23T15:04:30","guid":{"rendered":"https:\/\/thetenerifechannel.com\/excursions\/ole-spectacle-de-flamenco\/"},"modified":"2026-04-24T10:43:33","modified_gmt":"2026-04-24T10:43:33","slug":"ole-spectacle-de-flamenco","status":"publish","type":"product","link":"https:\/\/thetenerifechannel.com\/fr\/excursions\/ole-spectacle-de-flamenco\/","title":{"rendered":"Ol\u00e9 &#8211; Spectacle de flamenco"},"content":{"rendered":"<section class=\"l-section wpb_row height_huge\"><div class=\"l-section-h i-cf\"><div class=\"g-cols vc_row via_grid cols_1 laptops-cols_inherit tablets-cols_inherit mobiles-cols_1 valign_top type_default stacking_default\"><div class=\"wpb_column vc_column_container\"><div class=\"vc_column-inner\"><div class=\"wpb_text_column\"><div class=\"wpb_wrapper\"><p><strong data-start=\"84\" data-end=\"132\">LEYENDA : UNE FUSION DES ARTS AU GF VICTORIA<\/strong><br data-start=\"132\" data-end=\"135\">Ol\u00e9 Flamenco Show \u00e9l\u00e8ve le divertissement \u00e0 un autre niveau avec LEYENDA, un spectacle dirig\u00e9 et cr\u00e9\u00e9 par le danseur de flamenco Fran Chafino, qui m\u00eale tradition et modernit\u00e9 dans un format immersif. C&#8217;est un voyage sensoriel o\u00f9 9 danseurs et 3 musiciens d\u00e9clenchent une explosion de rythmes et d&#8217;\u00e9motions. Une atmosph\u00e8re vibrante, accompagn\u00e9e de musique live, entoure le public et le fait participer \u00e0 l&#8217;histoire.  <\/p>\n<p><strong>Billet d&#8217;or inclus :<\/strong><\/p>\n<ul>\n<li>Billet d&#8217;entr\u00e9e<\/li>\n<\/ul>\n<p><strong>Billet platine inclus<\/strong><\/p>\n<ul>\n<li>1 verre de vin<\/li>\n<li>1 tapa par personne<\/li>\n<\/ul>\n<\/div><\/div><\/div><\/div><\/div><\/div><\/section>\n","protected":false},"excerpt":{"rendered":"<p>Profitez de l&#8217;authenticit\u00e9 du flamenco avec le spectacle Ol\u00e9 Flamenco.<br \/>\nUne exp\u00e9rience qui se distingue par sa sc\u00e8ne de lumi\u00e8re, de couleur, de force et de caract\u00e8re pour les soir\u00e9es du sud de T\u00e9n\u00e9rife.<\/p>\n","protected":false},"featured_media":123244,"template":"","meta":{"_acf_changed":false,"_joinchat":[]},"product_brand":[],"product_cat":[172],"product_tag":[],"class_list":{"0":"post-4330","1":"product","2":"type-product","3":"status-publish","4":"has-post-thumbnail","6":"product_cat-spectacles-en-soiree-tenerife","7":"pa_depart-from-sud-de-lile","9":"first","10":"instock","11":"virtual","12":"sold-individually","13":"purchasable","14":"product-type-booking"},"acf":[],"_links":{"self":[{"href":"https:\/\/thetenerifechannel.com\/fr\/wp-json\/wp\/v2\/product\/4330","targetHints":{"allow":["GET"]}}],"collection":[{"href":"https:\/\/thetenerifechannel.com\/fr\/wp-json\/wp\/v2\/product"}],"about":[{"href":"https:\/\/thetenerifechannel.com\/fr\/wp-json\/wp\/v2\/types\/product"}],"wp:featuredmedia":[{"embeddable":true,"href":"https:\/\/thetenerifechannel.com\/fr\/wp-json\/wp\/v2\/media\/123244"}],"wp:attachment":[{"href":"https:\/\/thetenerifechannel.com\/fr\/wp-json\/wp\/v2\/media?parent=4330"}],"wp:term":[{"taxonomy":"product_brand","embeddable":true,"href":"https:\/\/thetenerifechannel.com\/fr\/wp-json\/wp\/v2\/product_brand?post=4330"},{"taxonomy":"product_cat","embeddable":true,"href":"https:\/\/thetenerifechannel.com\/fr\/wp-json\/wp\/v2\/product_cat?post=4330"},{"taxonomy":"product_tag","embeddable":true,"href":"https:\/\/thetenerifechannel.com\/fr\/wp-json\/wp\/v2\/product_tag?post=4330"}],"curies":[{"name":"wp","href":"https:\/\/api.w.org\/{rel}","templated":true}]}}

Olé &#8211; Spectacle de flamenco

<section class="l-section wpb_row height_huge"><div class="l-section-h i-cf"><div class="g-cols vc_row via_grid cols_1 laptops-cols_inherit tablets-cols_inherit mobiles-cols_1 valign_top type_default stacking_default"><div class="wpb_column vc_column_container"><div class="vc_column-inner"><div class="wpb_text_column"><div class="wpb_wrapper"><p><strong data-start="84" data-end="132">LEYENDA : UNE FUSION DES ARTS AU GF VICTORIA</strong><br data-start="132" data-end="135">Olé Flamenco Show élève le divertissement à un autre niveau avec LEYENDA, un spectacle dirigé et créé par le danseur de flamenco Fran Chafino, qui mêle tradition et modernité dans un format immersif. C&#8217;est un voyage sensoriel où 9 danseurs et 3 musiciens déclenchent une explosion de rythmes et d&#8217;émotions. Une atmosphère vibrante, accompagnée de musique live, entoure le public et le fait participer à l&#8217;histoire.  </p>
<p><strong>Billet d&#8217;or inclus :</strong></p>
<ul>
<li>Billet d&#8217;entrée</li>
</ul>
<p><strong>Billet platine inclus</strong></p>
<ul>
<li>1 verre de vin</li>
<li>1 tapa par personne</li>
</ul>
</div></div></div></div></div></div></section>

<p>Profitez de l&#8217;authenticité du flamenco avec le spectacle Olé Flamenco.<br />
Une expérience qui se distingue par sa scène de lumière, de couleur, de force et de caractère pour les soirées du sud de Ténérife.</p>
