{"id":105778,"date":"2024-01-23T15:04:30","date_gmt":"2024-01-23T15:04:30","guid":{"rendered":"https:\/\/thetenerifechannel.com\/excursions\/ole-pokaz-flamenco\/"},"modified":"2026-04-24T10:43:35","modified_gmt":"2026-04-24T10:43:35","slug":"ole-pokaz-flamenco","status":"publish","type":"product","link":"https:\/\/thetenerifechannel.com\/pl\/excursions\/ole-pokaz-flamenco\/","title":{"rendered":"Ol\u00e9 &#8211; pokaz flamenco"},"content":{"rendered":"<section class=\"l-section wpb_row height_huge\"><div class=\"l-section-h i-cf\"><div class=\"g-cols vc_row via_grid cols_1 laptops-cols_inherit tablets-cols_inherit mobiles-cols_1 valign_top type_default stacking_default\"><div class=\"wpb_column vc_column_container\"><div class=\"vc_column-inner\"><div class=\"wpb_text_column\"><div class=\"wpb_wrapper\"><p><strong data-start=\"84\" data-end=\"132\">LEYENDA: A FUSION OF THE ARTS AT GF VICTORIA<\/strong><br data-start=\"132\" data-end=\"135\">Ol\u00e9 Flamenco Show przenosi rozrywk\u0119 na inny poziom dzi\u0119ki LEYENDA, spektaklowi wyre\u017cyserowanemu i stworzonemu przez tancerza flamenco Frana Chafino, kt\u00f3ry \u0142\u0105czy tradycj\u0119 i nowoczesno\u015b\u0107 we wci\u0105gaj\u0105cym formacie. To zmys\u0142owa podr\u00f3\u017c, w kt\u00f3rej 9 tancerzy i 3 muzyk\u00f3w wyzwala eksplozj\u0119 rytmu i emocji. T\u0119tni\u0105ca \u017cyciem atmosfera z muzyk\u0105 na \u017cywo otacza publiczno\u015b\u0107 i czyni j\u0105 cz\u0119\u015bci\u0105 historii.  <\/p>\n<p><strong>Bilet Gold wliczony w cen\u0119:<\/strong><\/p>\n<ul>\n<li>Bilet wst\u0119pu<\/li>\n<\/ul>\n<p><strong>Bilet Platinum wliczony w cen\u0119<\/strong><\/p>\n<ul>\n<li>1 kieliszek wina<\/li>\n<li>1 tapa na osob\u0119<\/li>\n<\/ul>\n<\/div><\/div><\/div><\/div><\/div><\/div><\/section>\n","protected":false},"excerpt":{"rendered":"<p>Ciesz si\u0119 autentyczno\u015bci\u0105 flamenco z Ol\u00e9 Flamenco Show.<br \/>\nDo\u015bwiadczenie, kt\u00f3re wyr\u00f3\u017cnia si\u0119 scen\u0105 \u015bwiat\u0142a, koloru, si\u0142y i charakteru na wieczory na po\u0142udniu Teneryfy.<\/p>\n","protected":false},"featured_media":123246,"template":"","meta":{"_acf_changed":false,"_joinchat":[]},"product_brand":[],"product_cat":[319],"product_tag":[],"class_list":{"0":"post-105778","1":"product","2":"type-product","3":"status-publish","4":"has-post-thumbnail","6":"product_cat-pokazy-kolacji","7":"pa_depart-from-na-poludnie-od-wyspy","9":"first","10":"instock","11":"virtual","12":"sold-individually","13":"purchasable","14":"product-type-booking"},"acf":[],"_links":{"self":[{"href":"https:\/\/thetenerifechannel.com\/pl\/wp-json\/wp\/v2\/product\/105778","targetHints":{"allow":["GET"]}}],"collection":[{"href":"https:\/\/thetenerifechannel.com\/pl\/wp-json\/wp\/v2\/product"}],"about":[{"href":"https:\/\/thetenerifechannel.com\/pl\/wp-json\/wp\/v2\/types\/product"}],"wp:featuredmedia":[{"embeddable":true,"href":"https:\/\/thetenerifechannel.com\/pl\/wp-json\/wp\/v2\/media\/123246"}],"wp:attachment":[{"href":"https:\/\/thetenerifechannel.com\/pl\/wp-json\/wp\/v2\/media?parent=105778"}],"wp:term":[{"taxonomy":"product_brand","embeddable":true,"href":"https:\/\/thetenerifechannel.com\/pl\/wp-json\/wp\/v2\/product_brand?post=105778"},{"taxonomy":"product_cat","embeddable":true,"href":"https:\/\/thetenerifechannel.com\/pl\/wp-json\/wp\/v2\/product_cat?post=105778"},{"taxonomy":"product_tag","embeddable":true,"href":"https:\/\/thetenerifechannel.com\/pl\/wp-json\/wp\/v2\/product_tag?post=105778"}],"curies":[{"name":"wp","href":"https:\/\/api.w.org\/{rel}","templated":true}]}}

Olé &#8211; pokaz flamenco

<section class="l-section wpb_row height_huge"><div class="l-section-h i-cf"><div class="g-cols vc_row via_grid cols_1 laptops-cols_inherit tablets-cols_inherit mobiles-cols_1 valign_top type_default stacking_default"><div class="wpb_column vc_column_container"><div class="vc_column-inner"><div class="wpb_text_column"><div class="wpb_wrapper"><p><strong data-start="84" data-end="132">LEYENDA: A FUSION OF THE ARTS AT GF VICTORIA</strong><br data-start="132" data-end="135">Olé Flamenco Show przenosi rozrywkę na inny poziom dzięki LEYENDA, spektaklowi wyreżyserowanemu i stworzonemu przez tancerza flamenco Frana Chafino, który łączy tradycję i nowoczesność we wciągającym formacie. To zmysłowa podróż, w której 9 tancerzy i 3 muzyków wyzwala eksplozję rytmu i emocji. Tętniąca życiem atmosfera z muzyką na żywo otacza publiczność i czyni ją częścią historii.  </p>
<p><strong>Bilet Gold wliczony w cenę:</strong></p>
<ul>
<li>Bilet wstępu</li>
</ul>
<p><strong>Bilet Platinum wliczony w cenę</strong></p>
<ul>
<li>1 kieliszek wina</li>
<li>1 tapa na osobę</li>
</ul>
</div></div></div></div></div></div></section>

<p>Ciesz się autentycznością flamenco z Olé Flamenco Show.<br />
Doświadczenie, które wyróżnia się sceną światła, koloru, siły i charakteru na wieczory na południu Teneryfy.</p>
